and 19?
19
Suppose -5*i + 5*u + 94 = 24, 0 = 4*i + 2*u - 62. Let m(a) = -71*a - 234. Let v be m(-4). What is the greatest common factor of v and i?
5
Let u = 3155 - 3149. Suppose 0 = -4*j + j + 486. What is the highest common factor of j and u?
6
Let t be (-168)/(-35)*100/8. Suppose -5*d - 33 = -2*i, -5*i = -4*d - 48 - t. What is the highest common divisor of i and 96?
24
Let i = 292 - 297. Let t be i - ((-48)/32)/(3/68). What is the greatest common divisor of 87 and t?
29
Let l = 905 - 526. Let o = l - 365. What is the greatest common divisor of o and 21?
7
Let u be -8 + (-1 + 13)*135465/220. Calculate the highest common divisor of 363 and u.
121
Suppose 52*x - 1800 - 2776 = 0. What is the greatest common factor of 38632 and x?
88
Let a be (3696 - 3697)/(1*1/(-3)). Let k be (4/(-3))/(-1)*135. What is the greatest common factor of a and k?
3
Let w = -2598 - -6985. Suppose -w = -18*a + 653. Calculate the greatest common factor of a and 40.
40
Suppose -1999 + 4759 = 24*v. Let f = 155 - v. What is the highest common divisor of f and 440?
40
Let g be -65*11/55 - -16. What is the highest common factor of g and 76?
1
Suppose -r - 3 = -8, 5*q = 2*r + 465. Let w(s) = -57*s**3 - 2*s**2 - 7*s - 5. Let u be w(-1). What is the greatest common factor of u and q?
19
Suppose -5*b - 297*w + 302*w = -595, 0 = -b + 2*w + 124. Calculate the greatest common factor of b and 1102.
38
Suppose 20*i - 8 = 18*i. Suppose -c - i*w + 14 = -47, c = -5*w + 56. Let l = c + -59. What is the highest common divisor of l and 198?
22
Let d(l) = l - 24. Let k be d(6). Let m = k - -32. Suppose 52 + m = 3*b. Calculate the greatest common divisor of b and 22.
22
Suppose x = -2*i - 5, -5*i - 16 + 1 = 3*x. Let m be 24*(54/(-12) - x). Suppose 0 - 40 = -2*t. What is the greatest common factor of t and m?
4
Suppose -15 = -5*f, -5*z - f - 3 = -6. Suppose -l - 20 = -u - z*l, 12 = -3*l. Let c = -11 + 27. Calculate the highest common divisor of c and u.
16
Suppose -a + f + 2 = 2*f, 26 = -2*a + 4*f. Let b be a/(3*1/(-4)). Suppose 40*p + 494 = 734. Calculate the highest common divisor of b and p.
2
Let o be 3/(3 + (-12)/8) + -470. Let b be o/(-6)*(-4)/(-6). Let w = b + -20. What is the highest common divisor of 80 and w?
16
Suppose 2*a - 5*o = 206, -4*o - 138 = -2*a + 70. Calculate the greatest common divisor of a and 144.
36
Suppose d - 5*v - 57 = -7*v, 4*d - 4*v = 312. What is the highest common divisor of d and 2?
1
Let w be (-156)/(-1)*3*(-3)/(-18). Let x = w + -60. What is the highest common divisor of 30 and x?
6
Suppose 149 = 5*a - 3*f + 12, -312 = -11*a - 4*f. What is the highest common divisor of a and 889?
7
Let n = 19 - -6. Suppose 4*v + 1 = n. Let h be ((-81)/v)/(-3)*2. What is the highest common factor of 1 and h?
1
Let b be (8/5 - 4)/(3/(-10)). What is the highest common factor of 692 and b?
4
Let t(m) = -287*m + 4. Let h(j) = j**3 - 7*j**2 - 10*j + 15. Let x be h(8). Let f be t(x). Let r = f + -115. What is the greatest common factor of r and 16?
16
Let f be (0 + (-6 - -5))*(-4 + 4). Let i be ((-7)/((-28)/36))/(1 - f). Calculate the greatest common divisor of 75 and i.
3
Let g(t) = t - 27. Suppose 6*p + 43 - 211 = 0. Let i be g(p). Let a = 33 - 23. What is the greatest common divisor of a and i?
1
Let s be (11 + 2128/(-20))*(-67 + 12). What is the highest common divisor of 231 and s?
33
Suppose 0 = -j + 2*k + 84, -9*k + 11*k = -5*j + 408. Let v(x) = 12*x**2 - 5*x + 8. Let g be v(6). What is the greatest common divisor of g and j?
82
Suppose -189*q = -7156 - 3239. Suppose -5*r - 4*l = -241, 4*r + 16 - 200 = -l. What is the highest common factor of r and q?
5
Let t(k) = 665*k**2 + 27*k - 8. Let p be t(-1). Let w be 2/(-5) - 531/(-15). What is the highest common divisor of w and p?
35
Let q = -26656 + 31416. What is the greatest common factor of q and 765?
85
Let w(c) = c**2 + 5. Let n be w(-8). Suppose 3*k = -0*k + n. Let s(r) = r**2 + r - 7. Let d be s(-6). What is the greatest common factor of k and d?
23
Let h(s) = -s**2 - 167*s - 6544. Let a be h(-103). Calculate the highest common factor of a and 11604.
12
Suppose -4*b + 63 = 3*b. Suppose -v + 38 = -31. Let x = v - -12. What is the highest common factor of b and x?
9
Let w = -16 + 22. Let a(j) = -j**2 + 9*j + 21. Let h be a(w). What is the highest common divisor of 52 and h?
13
Let m = 3648 + -3640. What is the greatest common divisor of 1544 and m?
8
Let j be 0 + -3 + (4 - (-4)/4). Suppose -18 + 48 = -j*a + 3*k, 75 = -5*a - k. Let n be (4/(-5) + 0)*a. What is the highest common factor of 4 and n?
4
Let z(r) = 75*r + 570. Let q be z(-6). What is the highest common factor of 60 and q?
60
Let k(f) = f**2 + 13*f - 14. Let u be k(-15). Let a be (760/(-200))/((-3)/240). What is the highest common divisor of a and u?
16
Let a be 11 + -7 - (1 + 9)*(-270 + -7). Calculate the greatest common divisor of a and 38.
38
Let z = -698 - -699. Let g = -29 - -30. Suppose -12 = p + 5*j, -5*p - 4*j + g = -2. What is the highest common factor of z and p?
1
Suppose 8*z + 1 - 17 = 0. Suppose -693 = -z*a - 5*a. Let x = 55 + a. What is the greatest common divisor of x and 14?
14
Let n = 238 + -226. Let c(i) = i**2 - 10*i - 5. Let q be c(n). Calculate the highest common factor of 19 and q.
19
Let n(v) = -2*v**2 + 84*v - 180. Let p be n(39). What is the highest common factor of 10638 and p?
54
Let i(s) = 776*s**2 + 305*s - 305. Let v be i(1). Calculate the highest common divisor of v and 8.
8
Let v(o) = -5*o - 100. Let z(a) = 15*a + 299. Let u(y) = -8*v(y) - 3*z(y). Let g be u(-22). Calculate the greatest common factor of g and 182.
13
Let z(b) be the second derivative of -b**4/12 + 11*b**3/3 - 10*b**2 + 8*b. Let t be z(17). What is the greatest common divisor of t and 78?
13
Suppose -300 = -10*w + 1340. Let m = w - 161. What is the highest common divisor of 1 and m?
1
Suppose -1 = v, 0 = 5*q - 3*v - 3374 - 8179. What is the greatest common divisor of q and 90?
30
Let d be ((-3724)/(-147))/((-2)/(-18)). Calculate the highest common divisor of 1216 and d.
76
Suppose -3*r - 72 - 303 = 0. Let j = -35 - r. Let w be ((-17)/(-1) + 1)/1. What is the highest common divisor of j and w?
18
Suppose -19*v - 847 = -23*v - 3*r, -822 = -4*v + 2*r. Suppose 7*g + 2*o - 96 = -3*o, -2*g + 23 = -3*o. What is the greatest common factor of v and g?
13
Let n(z) = -z**3 + 10*z**2 - 8*z + 5. Let m be n(8). Suppose -p - m = -4*p. Calculate the highest common factor of p and 115.
23
Let f(n) = -198*n - 3243. Let w be f(-17). What is the greatest common divisor of w and 1?
1
Suppose -53 = -4*y + 187. Suppose -140*b = -y*b - 560. Calculate the greatest common factor of b and 17.
1
Let s(r) = -r**3 - 5*r**2 - 1268*r - 7641. Let a be s(-6). Suppose 3*w + 15 = 0, -4*j = 5*w - w - 376. What is the greatest common factor of a and j?
3
Suppose 0 = 3*t + d - 15097, 16*t - 4*d - 20124 = 12*t. What is the highest common divisor of t and 136?
136
Let r(d) = 3*d**2 - 2*d + 4. Let g be r(2). Suppose -g = 2*o + o. Let u be 24 + (-8*1 - o). What is the greatest common factor of 15 and u?
5
Suppose 82*a - 3764 = -3*k + 86*a, a = -k + 1243. What is the greatest common divisor of 288 and k?
96
Suppose -k = -2*u - 28, 0 = 13*u - 12*u + 1. What is the highest common factor of k and 16757?
13
Let a be (-9)/(-2)*8/3. Suppose -166 = -0*m - 2*m. Suppose m*k - 15 = 78*k. Calculate the highest common divisor of k and a.
3
Let n(h) = -20*h + 756. Let x be n(36). Calculate the greatest common divisor of 5364 and x.
36
Let o = 21 - 15. Let b be -3*(-2)/o + 31. Let t = 2739 - 2731. What is the highest common factor of b and t?
8
Let d = -9201 + 9530. What is the highest common factor of d and 1269?
47
Let t = -449 + 661. Suppose 0 = -3*p - 2*j + t, 0 = -3*p - 5*j + 9*j + 206. What is the greatest common factor of p and 130?
10
Let a be 38/3 - (-18)/(-27). Let x(v) = -4*v**2 + 18*v - 6. Let r be x(4). Calculate the highest common factor of a and r.
2
Let y be (195/(-25))/(1/(-5)). Suppose 1786 + 304 = 474*d - 4072. What is the greatest common factor of y and d?
13
Suppose -45 = s + 4*s. Let o(a) = 8*a + 84. Let j be o(s). What is the highest common divisor of j and 18?
6
Let g be (-59 - -68)/((-2)/(-364)). What is the greatest common divisor of g and 42?
42
Let d = 7 - 3. Suppose -a + 2*p + 184 = 0, d*a = 